543251
1204626 (base 7) to base 4
211111311
What is 250539 (base 11) in base 10?
395954
What is -3130121 (base 8) in base 6?
-25453505
Convert 420760 (base 9) to base 12.
100783
101200201101 (base 3) to base 14
569bd
111111001111111110 (base 2) to base 6
5315222
What is 30003552 (base 6) in base 11?
524674
Convert -21020000102 (base 3) to base 14.
-39b4a
123817 (base 11) to base 12
95040
232213222 (base 4) to base 5
22102304
51403 (base 12) to base 8
317003
Convert 846e45 (base 15) to base 13.
13c7ca8
What is -20163016 (base 7) in base 10?
-1679341
What is 1a6868c (base 14) in base 12?
44a8758
Convert 11056015 (base 8) to base 10.
2382861
Convert -f4908 (base 16) to base 10.
-1001736
Convert 153602 (base 7) to base 14.
ada9
Convert -2307641 (base 9) to base 15.
-19913a
Convert -a8ba7 (base 14) to base 6.
-12430451
Convert 1102124002 (base 5) to base 16.
245065
What is -203320 (base 9) in base 15?
-25ab6
Convert -4370510 (base 9) to base 4.
-20331203010
-b0421 (base 12) to base 7
-1641520
What is 292099 (base 11) in base 6?
13442025
7c48 (base 15) to base 11
18914
Convert 1300203304 (base 5) to base 8.
13744470
Convert 2530544 (base 8) to base 15.
dc982
What is 1001111101000101011 (base 2) in base 7?
2525661
Convert -29c8 (base 13) to base 8.
-13677
Convert -1111011000000011101001 (base 2) to base 8.
-17300351
-21111110000 (base 3) to base 16
-2407e
-134476a (base 12) to base 14
-71753c
Convert 78b092 (base 13) to base 16.
2b83f1
What is 1101000111001110100110 (base 2) in base 12?
1199346
What is -2311110 (base 6) in base 9?
-200116
Convert -21782 (base 14) to base 15.
-19042
What is 272336 (base 8) in base 5?
11023304
What is -2851929 (base 11) in base 10?
-4907186
Convert 1110011011000100000000 (base 2) to base 11.
215268a
Convert -486ad (base 16) to base 2.
-1001000011010101101
What is -20201120 (base 3) in base 13?
-2301
Convert -510243 (base 8) to base 10.
-168099
Convert -685f6 (base 16) to base 9.
-721381
Convert -41521 (base 6) to base 11.
-4225
Convert -1400b7 (base 12) to base 14.
-88d63
What is 3064346 (base 11) in base 16?
52860a
-230064 (base 7) to base 10
-40863
What is -d40d6 (base 15) in base 13?
-1a6a3c
What is -236ec (base 16) in base 10?
-145132
-218f43 (base 16) to base 3
-11010201221220
1000100011000001110011 (base 2) to base 8
10430163
Convert 340833 (base 9) to base 13.
71b68
Convert -432396 (base 10) to base 5.
-102314041
Convert 2441213 (base 6) to base 12.
63209
What is -34453011 (base 6) in base 3?
-2000002110021
Convert -74370652 (base 8) to base 6.
-1323503334
Convert 1aa07a (base 12) to base 3.
220001121111
What is 48d4b (base 16) in base 12?
124777
Convert -566045 (base 10) to base 9.
-1052418
34440444 (base 5) to base 8
1141277
What is 26b2b2 (base 12) in base 13?
195cbc
What is -22121002 (base 3) in base 6?
-45002
-5c79a9 (base 14) to base 10
-3171233
Convert 2535400 (base 6) to base 15.
2aa39
What is 1202340 (base 5) in base 4?
11123030
What is -451706 (base 8) in base 14?
-3d822
516052 (base 7) to base 11
60573
-3ad37 (base 15) to base 6
-4013054
What is 964998 (base 10) in base 14?
1b1966
-4255159 (base 12) to base 5
-11203213013
64d2f1 (base 16) to base 3
110102200220222
Convert 10022212022201 (base 3) to base 13.
49c129
What is -9847a (base 12) in base 5?
-22413433
Convert -429811 (base 11) to base 10.
-686445
Convert -1313404 (base 8) to base 5.
-43210330
Convert 11141140 (base 6) to base 15.
6aa53
-1121101222112 (base 3) to base 12
-35251b
What is -5502500 (base 6) in base 11?
-176a35
37767c (base 13) to base 4
11010301332
-546330 (base 7) to base 11
-66030
-124361 (base 16) to base 8
-4441541
-21331122 (base 4) to base 10
-40794
What is -131022022 (base 4) in base 9?
-201744
What is 23b9a (base 12) in base 11?
33372
Convert -1116770 (base 8) to base 15.
-5e9c4
What is -3146743 (base 8) in base 14?
-17bb47
-c2a8 (base 16) to base 14
-14236
What is -22211 (base 16) in base 3?
-21002202112
Convert 2e395 (base 15) to base 11.
a2201
55255414 (base 6) to base 14
31181c
What is 2f6028 (base 16) in base 13?
849285
What is 100210111020 (base 3) in base 12?
936b9
-2cd4 (base 15) to base 2
-10010110110001
-15d648 (base 14) to base 8
-2731540
-22266c (base 15) to base 12
-6662b6
-b239b0 (base 14) to base 16
-5b9966
1a39b (base 15) to base 11
59011
Convert -85a5028 (base 11) to base 6.
-1300150102
11243a9 (base 13) to base 3
100220110202100
22012002 (base 4) to base 16
a182
What is -1001101011011110110100 (base 2) in base 13?
-6aac24
What is -3aa7 (base 11) in base 2?
-1010011001000
-13407008 (base 9) to base 16
-64fde7
Convert -111100011101010100011 (base 2) to base 3.
-10201122112202
Convert -4334615 (base 7) to base 9.
-886785
-100010000101110000000111 (base 2) to base 6
-515312251
Convert -3166421 (base 9) to base 2.
-110011110011010101111
Convert -1100000000101001001 (base 2) to base 16.
-60149
-10504214 (base 6) to base 2
-1001110000100010010
Convert -1011100010110101010 (base 2) to base 11.
-239233
a1527 (base 12) to base 13
74686
10000101111101010011 (base 2) to base 11
345270
Convert 97c0c (base 13) to base 10.
274468
277c3 (base 13) to base 8
220163
Convert 24304253 (base 7) to base 2.
1000010001101100001011
1034342142 (base 6) to base 7
163426055
Convert 48b19 (base 12) to base 6.
2035233
Convert -3556785 (base 11) to base 7.
-103500556
Convert 9220620 (base 11) to base 9.
33587137
-11433 (base 14) to base 7
-233263
Convert 221231021331 (base 4) to base 3.
202120110001210
What is 7216714 (base 8) in base 12?
780324
5733756 (base 8) to base 16
17b7ee
What is -c02812 (base 13) in base 6?
-235342021
What is 2b2567 (base 14) in base 2?
101101111011000001111
136733 (base 13) to base 10
471383
What is -1001110110000001110100 (base 2) in base 14?
-4b2644
b868b (base 13) to base 5
41123001
What is 6d4933 (base 14) in base 2?
1110010000111000000001
Convert -1025304 (base 8) to base 5.
-32214332
Convert -30bee1 (base 16) to base 4.
-30023323201
Convert -30233310101 (base 4) to base 15.
-460175
-10110110000001 (base 2) to base 5
-333044
What is -d83a9 (base 15) in base 13?
-1b02c1
-1a1a3c (base 13) to base 15
-d0c11
-3aae71 (base 15) to base 12
-b408b1
What is 11462125 (base 7) in base 3?
1221000002101
What is -4333030403 (base 5) in base 15?
-c30e53
What is 238a1c (base 16) in base 2?
1000111000101000011100
Convert 122110111112 (base 3) to base 2.
1010011111010101100
What is -170eb9 (base 15) in base 9?
-2082303
30042134 (base 5) to base 14
62609
Convert -313204 (base 5) to base 13.
-4993
-15654 (base 7) to base 14
-189b
Convert 45a1b (base 14) to base 8.
512631
Convert -76324 (base 8) to base 7.
-162111
What is -174835 (base 9) in base 10?
-108572
-58d0 (base 16) to base 8
-54320
-2135056 (base 7) to base 14
-6b1d6
What is -2204010 (base 8) in base 6?
-20404104
What is -17920 (base 13) in base 2?
-1011000110101111
-22122012120201 (base 3) to base 2
-10001100000101010000000
110220321211 (base 4) to base 10
5410405
Convert 1270 (base 10) to base 5.
20040
-3316422 (base 8) to base 3
-1200022211122
Convert 241414 (base 5) to base 3.
110022202
-179310 (base 10) to base 15
-381e0
What is 403c8 (base 15) in base 14?
5417d
Convert 4432451 (base 7) to base 11.
3431a4
Convert c3dbd (base 14) to base 4.
1303032003
866486 (base 10) to base 6
30323302
b60dc0 (base 16) to base 9
24404316
-331b3 (base 14) to base 13
-44498
Convert -3c8b9 (base 16) to base 7.
-2052004
Convert 2315055 (base 8) to base 9.
1158204
What is 20cc9 (base 15) in base 10?
104139
Convert 143088 (base 12) to base 5.
41241224
Convert 10014a (base 12) to base 9.
418544
78311 (base 11) to base 14
2d51c
Convert -26d07 (base 15) to base 12.
-60014
What is 2401d (base 15) in base 11?
79264
-10e23ad (base 15) to base 14
-1872231
Convert -23961 (base 13) to base 15.
-14543
What is -219579 (base 12) in base 3?
-1000011120010
Convert 4424a1 (base 11) to base 7.
6000245
-363358 (base 16) to base 10
-3552088
13533332 (base 7) to base 9
2343568
Convert 20201111010221 (base 3) to base 5.
1403302311
What is 11110010101111001001000 (base 2) in base 13?
1856507
-210112242 (base 5) to base 4
-3102303113
-3013312 (base 4) to base 8
-30766
Convert 33300230 (base 4) to base 15.
141db
-ee954 (base 15) to base 14
-15a3c4
Convert 418c2 (base 15) to base 10.
207857
Convert 3aa7